{"id":1478,"date":"2021-07-21T11:23:11","date_gmt":"2021-07-21T09:23:11","guid":{"rendered":"http:\/\/dev.brandfactory.it\/alphastar\/?page_id=1478"},"modified":"2021-07-28T18:01:26","modified_gmt":"2021-07-28T16:01:26","slug":"oneri-generali-di-sistema","status":"publish","type":"page","link":"https:\/\/dev.brandfactory.it\/alphastar\/oneri-generali-di-sistema\/","title":{"rendered":"Oneri Generali di Sistema"},"content":{"rendered":"\n<p>Seguendo i principi di trasparenza, affidabilit\u00e0 e beneficio, vi spieghiamo cosa sono gli oneri generali di sistema.<\/p>\n\n\n\n<p>Con le bollette dell\u2019energia elettrica, oltre ai servizi di vendita e ai servizi di rete (trasporto, distribuzione, gestione del contatore) e alle imposte, si pagano alcune componenti per la copertura di costi per attivit\u00e0 di interesse generale per il sistema elettrico nazionale: si tratta dei cosiddetti&nbsp;<strong>oneri generali di sistema<\/strong>, introdotti nel tempo da specifici provvedimenti normativi.<\/p>\n\n\n\n<p>Negli ultimi anni, gli oneri generali di sistema hanno rappresentato una quota crescente e sempre pi\u00f9 significativa della spesa totale annua di energia elettrica degli utenti finali.<\/p>\n\n\n\n<p><strong>La riforma degli oneri generali di sistema \u00e8 stata attuata da ARERA con le Delibere 481\/2017\/R\/eel e 922\/2017\/R\/eel<\/strong><\/p>\n\n\n\n<p>In particolare in esecuzione di quanto previsto dal decreto-legge 210\/15 e in considerazione della decisione della Commissione europea di compatibilit\u00e0 delle misure a favore delle imprese a forte consumo di energia elettrica con le norme europee in materia di aiuti di Stato (decisione C n.3406 -2017),&nbsp;<strong>l\u2019ARERA con la Deliberazione 481\/2017\/R\/eel ha aggiornato per tutte le tipologie di contratto&nbsp;<\/strong>la struttura generale dei raggruppamenti e delle componenti degli oneri generali del sistema elettrico.<\/p>\n\n\n\n<p>Dal&nbsp;<strong>1\u00b0 gennaio 2018<\/strong>, pertanto, le aliquote degli oneri generali relative alle componenti A2, A3, A4, A5, As, MCT, UC4 e UC7 e delle ulteriori componenti da applicare a tutte le tipologie di contratto di cui al comma 2.2 del TIT, saranno distinte nei seguenti raggruppamenti:<\/p>\n\n\n\n<ul><li><strong>\u201cOneri generali relativi al sostegno delle energie rinnovabili ed alla cogenerazione\u201d<\/strong><a><strong>(ASOS)<\/strong><\/a><sup>1<\/sup><\/li><li><strong>\u201cRimanenti oneri generali\u201d<\/strong><a><strong>(ARIM)<\/strong><\/a><sup>2<\/sup><\/li><\/ul>\n\n\n\n<ol class=\"has-small-font-size\"><li><a>\u201cOneri generali relativi al sostegno delle energie rinnovabili ed alla cogenerazione di impianti (CIP 6\/92)\u201d<\/a><\/li><li><a>\u201cRimanenti oneri generali destinati a: incentivazione della produzione di energia elettrica degli impianti CIP 6\/92 alimentati da rifiuti non biodegradabili; messa in sicurezza del nucleare e misure di compensazione territoriale; copertura delle agevolazioni tariffarie riconosciute per il settore ferroviario; sostegno alla ricerca di sistema; copertura del bonus elettrico (che per\u00f2 viene rimborsato ai clienti cui \u00e8 stato riconosciuto il bonus sociale); integrazioni delle imprese elettriche minori e promozione efficienza energetica\u201d<\/a><\/li><\/ol>\n\n\n\n<p>La componente ASOS include tutti gli oneri fino al 31 dicembre 2017 coperti dalla componente tariffaria A3, con l\u2019esclusione delle voci di costo riferite alla produzione ascrivibile a rifiuti non biodegradabili che confluiscono nella componente ARIM.<\/p>\n\n\n\n<p>La componente ASOS viene applicata in maniera distinta a seconda che un utente sia o meno incluso nelle imprese a forte consumo di energia elettrica, e, per quest\u2019ultime, a seconda della classe di agevolazione, mentre i rimanenti oneri generali sono pagati indifferentemente da tutti i clienti del sistema elettrico.<\/p>\n\n\n\n<p>Le componenti tariffarie ASOS e ARIM sono espresse, in generale, in centesimi di euro\/punto di prelievo per anno (quota fissa), centesimi di euro\/kW impegnato per anno (quota potenza) e centesimi di euro\/kWh (quota energia).<\/p>\n\n\n\n<p>Per quanto riguarda i&nbsp;<strong><em>clienti domestici<\/em><\/strong>&nbsp;l\u2019Autorit\u00e0 ha deciso, con la&nbsp;<em>Delibera 867\/2017\/R\/eel<\/em>, che il completamento dell\u2019ultima fase della riforma delle tariffe relativa alle componenti degli oneri generali di sistema sar\u00e0 differito di un anno rispetto alla prevista decorrenza al 1\u00b0 gennaio 2018.<\/p>\n\n\n\n<p>Agli utenti domestici, pertanto, non \u00e8 applicata la quota potenza, mentre la quota energia \u00e8 applicata per scaglioni di consumo. Agli utenti domestici in residenza anagrafica non \u00e8 applicata nemmeno la quota fissa.<\/p>\n\n\n\n<p>Non sono invece state modificate le modalit\u00e0 di esazione delle componenti tariffarie\u00a0<a><strong>UC3<\/strong><\/a><sup>3<\/sup>\u00a0e\u00a0<a><strong>UC6<\/strong><\/a><sup>4<\/sup>.<\/p>\n\n\n\n<p class=\"has-small-font-size\">3. <a>\u201cComponente a copertura degli squilibri dei sistemi di perequazione dei costi di trasporto dell\u2019energia elettrica sulle reti di trasmissione e di distribuzione, nonch\u00e9 dei meccanismi di integrazione, espressa in centesimi di euro\/kWh.\u201d<\/a><br>4. <a>Componente a copertura dei costi riconosciuti derivanti da recuperi di qualit\u00e0 del servizio. La UC6 \u00e8 espressa in centesimi di euro\/KW e centesimi di euro\/kWh per i domestici, mentre per gli altri utenti \u00e8 espressa in centesimi di euro\/pp e centesimi di euro\/kWh.<\/a><\/p>\n\n\n\n<p>Ulteriori informazioni, nonch\u00e9 i valori delle componenti (aggiornati trimestralmente) sono consultabili sul sito internet dell\u2019ARERA al seguente link:&nbsp;<a href=\"https:\/\/www.arera.it\/it\/elettricita\/auc.htm\" target=\"_blank\" rel=\"noreferrer noopener\">www.arera.it\/it\/elettricita\/auc.htm<\/a><\/p>\n","protected":false},"excerpt":{"rendered":"<p>Seguendo i principi di trasparenza, affidabilit\u00e0 e beneficio, vi spieghiamo cosa sono gli oneri generali di sistema. Con le bollette dell\u2019energia elettrica, oltre ai servizi di vendita e ai servizi di rete (trasporto, distribuzione, gestione del contatore) e alle imposte, si pagano alcune componenti per la copertura di costi per attivit\u00e0 di interesse generale per [&hellip;]<\/p>\n","protected":false},"author":4,"featured_media":0,"parent":0,"menu_order":0,"comment_status":"closed","ping_status":"closed","template":"","meta":[],"_links":{"self":[{"href":"https:\/\/dev.brandfactory.it\/alphastar\/wp-json\/wp\/v2\/pages\/1478"}],"collection":[{"href":"https:\/\/dev.brandfactory.it\/alphastar\/wp-json\/wp\/v2\/pages"}],"about":[{"href":"https:\/\/dev.brandfactory.it\/alphastar\/wp-json\/wp\/v2\/types\/page"}],"author":[{"embeddable":true,"href":"https:\/\/dev.brandfactory.it\/alphastar\/wp-json\/wp\/v2\/users\/4"}],"replies":[{"embeddable":true,"href":"https:\/\/dev.brandfactory.it\/alphastar\/wp-json\/wp\/v2\/comments?post=1478"}],"version-history":[{"count":3,"href":"https:\/\/dev.brandfactory.it\/alphastar\/wp-json\/wp\/v2\/pages\/1478\/revisions"}],"predecessor-version":[{"id":1606,"href":"https:\/\/dev.brandfactory.it\/alphastar\/wp-json\/wp\/v2\/pages\/1478\/revisions\/1606"}],"wp:attachment":[{"href":"https:\/\/dev.brandfactory.it\/alphastar\/wp-json\/wp\/v2\/media?parent=1478"}],"curies":[{"name":"wp","href":"https:\/\/api.w.org\/{rel}","templated":true}]}}